 5140395 and 2121.
303
What is the highest common divisor of 22297437 and 15219?
801
Calculate the greatest common factor of 81496688 and 2912.
1456
Calculate the highest common divisor of 1018030797 and 1033.
1033
What is the highest common divisor of 55689716 and 46?
46
Calculate the highest common factor of 19042020 and 63366.
1074
What is the greatest common factor of 84 and 16020?
12
Calculate the greatest common divisor of 239999728 and 236.
236
What is the highest common factor of 440983523 and 3481?
3481
What is the highest common factor of 5746 and 385554?
26
What is the greatest common divisor of 448709 and 799?
47
Calculate the highest common divisor of 25098 and 832041.
141
Calculate the greatest common divisor of 2134740 and 6909.
141
What is the greatest common factor of 17936 and 224922?
38
Calculate the highest common factor of 168441 and 6825.
273
Calculate the greatest common divisor of 766142 and 203346.
2054
Calculate the highest common divisor of 37905 and 1120875.
105
Calculate the greatest common divisor of 2805 and 8961465.
255
Calculate the greatest common factor of 774504 and 648.
72
What is the highest common factor of 3393658 and 7810?
142
What is the highest common factor of 86432 and 359233?
2701
Calculate the highest common divisor of 140581199 and 22.
11
Calculate the highest common divisor of 20418954 and 30.
6
Calculate the greatest common divisor of 116 and 435840159.
29
Calculate the highest common divisor of 10804 and 856217.
2701
Calculate the greatest common divisor of 6912 and 15275776.
256
Calculate the greatest common divisor of 296631 and 179814.
69
Calculate the greatest common divisor of 70254839 and 53.
53
Calculate the highest common factor of 101 and 2469.
1
Calculate the highest common factor of 56707372 and 16148.
1468
What is the highest common divisor of 4769 and 16216357?
251
Calculate the highest common divisor of 59717 and 1428.
7
What is the highest common divisor of 68376640 and 1760?
160
Calculate the highest common divisor of 1647 and 98311687.
61
What is the greatest common divisor of 991630 and 7420?
530
Calculate the highest common factor of 147816 and 1416.
24
What is the highest common factor of 604860 and 748?
68
Calculate the greatest common divisor of 9216 and 35606016.
4608
What is the highest common factor of 2548890 and 24130?
1270
Calculate the highest common divisor of 179850060 and 24180.
780
What is the highest common factor of 80850 and 38170?
110
Calculate the highest common factor of 54 and 895086.
18
What is the greatest common divisor of 60473 and 742791?
1141
What is the highest common factor of 66753108 and 25065?
5013
Calculate the highest common divisor of 1000737 and 99.
9
What is the greatest common divisor of 142240 and 189280?
1120
What is the greatest common factor of 31901111 and 26037?
2893
Calculate the highest common factor of 120536 and 2333656.
1976
Calculate the highest common factor of 10960 and 34620448.
2192
What is the highest common divisor of 220478 and 184?
46
Calculate the highest common factor of 7 and 31037769.
7
What is the greatest common divisor of 419 and 61309337?
419
What is the greatest common factor of 90 and 3836940?
30
What is the greatest common factor of 385031 and 11972?
41
What is the greatest common divisor of 158220095 and 3155?
3155
Calculate the greatest common divisor of 2201031 and 818524.
4991
Calculate the highest common divisor of 678 and 1463966076.
678
What is the greatest common divisor of 3185785 and 10?
5
Calculate the highest common factor of 300922154 and 3016.
754
Calculate the greatest common divisor of 18 and 14596482.
6
What is the highest common factor of 65098452 and 12?
12
Calculate the greatest common divisor of 14573 and 278539.
59
Calculate the greatest common divisor of 69841 and 7385.
211
What is the greatest common divisor of 9171484 and 364?
28
Calculate the greatest common factor of 119416 and 196942.
118
Calculate the greatest common divisor of 1508 and 13549148.
116
What is the highest common factor of 1176 and 1186416?
168
What is the highest common divisor of 651 and 1996400?
217
What is the greatest common divisor of 32 and 5006380?
4
Calculate the greatest common divisor of 6681 and 34883859.
393
What is the greatest common divisor of 585 and 1410955?
65
Calculate the highest common factor of 119239820 and 874.
874
What is the highest common factor of 937022 and 244150?
514
What is the highest common factor of 19421979 and 1775?
71
Calculate the highest common factor of 2192 and 4687866.
274
What is the greatest common divisor of 1515 and 357909155?
505
What is the greatest common factor of 3405472 and 294952?
1288
What is the greatest common factor of 349214 and 11322?
34
Calculate the highest common divisor of 70384572 and 1846.
142
Calculate the highest common factor of 61940502 and 21744.
2718
Calculate the greatest common divisor of 349552 and 3701506.
6242
Calculate the highest common factor of 7332 and 288704.
52
Calculate the greatest common factor of 3172180 and 5.
5
What is the greatest common divisor of 10758 and 330198?
66
Calculate the highest common factor of 14964 and 9512580.
348
What is the greatest common divisor of 21592090 and 520?
130
What is the highest common factor of 154757 and 1450562?
43
Calculate the greatest common divisor of 2947824 and 384.
48
What is the highest common factor of 15642 and 11690262?
1422
Calculate the highest common factor of 2043889804 and 34.
34
What is the highest common factor of 42 and 2061073?
7
What is the greatest common factor of 224 and 2568650?
14
What is the highest common factor of 9202 and 801572417?
4601
Calculate the highest common divisor of 4725632 and 5120.
128
What is the greatest common factor of 1854 and 6813656?
206
What is the highest common factor of 37 and 4034433269?
37
Calculate the greatest common divisor of 15486645 and 54035.
535
What is the highest common factor of 13002080 and 1974?
658
Calculate the greatest common divisor of 34423520 and 128.
32
Calculate the greatest common divisor of 2543035 and 55.
55
What is the highest common factor of 34937 and 1225864?
31
What is the highest common divisor of 177551385 and 825?
165
What is the highest common divisor of 25200 and 6042225?
525
What is the highest common factor of 6936 and 50425587?
867
Calculate the highest common divisor of 22700 and 213700.
100
What is the highest common factor of 306368600 and 160?
40
Calculate the highest common divisor of 5154110 and 8528.
1066
What is the greatest common divisor of 39516891 and 2712?
339
Calculate the highest common factor of 7872 and 238866.
246
What is the greatest common divisor of 8680 and 6575720?
1240
What is the highest common factor of 137 and 16108049?
137
What is the greatest common divisor of 77348 and 244?
244
What is the greatest common divisor of 92416330 and 1798?
58
What is the greatest common factor of 4064 and 36798250?
254
Calculate the highest common divisor of 6282 and 997308.
18
What is the highest common factor of 13 and 868072322?
13
What is the highest common factor of 27090 and 19?
1
Calculate the highest common divisor of 34181880 and 50154.
3858
Calculate the greatest common factor of 66917 and 183.
61
What is the greatest common factor of 2113044 and 6204?
12
What is the greatest common factor of 2574 and 10432?
2
What is the greatest common divisor of 38925 and 44288?
173
What is the highest common factor of 54 and 65866923?
9
Calculate the greatest common divisor of 1681189255 and 2185.
2185
Calculate the highest common factor of 2414048499 and 8271.
8271
What is the greatest common factor of 1998 and 2819548?
74
What is the highest common divisor of 1464 and 2539491?
183
What is the highest common factor of 4 and 4459290?
2
Calculate the greatest common factor of 62255 and 4505.
5
What is the greatest common divisor of 28253808 and 176?
176
Calculate the highest common divisor of 36880145 and 5.
5
Calculate the highest common divisor of 46 and 44722534.
46
Calculate the highest common factor of 6634384 and 32.
16
Calculate the highest common factor of 680 and 33029300.
340
Calculate the greatest common divisor of 4680075 and 12.
3
Calculate the greatest common factor of 676120 a